 - 9*z**2 - 14*z. Give x(-7).
0
Let h(b) = -4*b - 4. Give h(4).
-20
Let a(u) = u**2 - 3*u - 4. Calculate a(3).
-4
Let b(f) = -9*f + 56. Give b(9).
-25
Let f(j) = j**2 + 46*j + 268. Calculate f(-39).
-5
Let f(k) = 44*k + 16. What is f(3)?
148
Let n(p) = 32*p - 143. Determine n(6).
49
Let r(j) = -j**3 + 2*j**2 - 17*j + 28. What is r(2)?
-6
Let p(l) = 7*l**2 + l + 4. What is p(0)?
4
Let n(u) = -3*u**2 - 42*u + 50. Give n(-15).
5
Let x(n) = n**3 - 4*n**2 - 7*n + 2. What is x(6)?
32
Let k(m) = m**3 - 6*m**2 - 4*m + 26. Determine k(6).
2
Let j(d) = d**2 + 20*d + 39. Determine j(-17).
-12
Let s(f) = -f**2 - 8*f + 24. Calculate s(-10).
4
Let c(h) = -29*h + 110. Determine c(4).
-6
Let v(p) = -58*p + 745. What is v(13)?
-9
Let r(h) = 9*h + 3. What is r(-3)?
-24
Let v(f) = -5*f - 1. Give v(6).
-31
Let b(w) = -113*w + 2369. Calculate b(21).
-4
Let w(i) = -3*i - 39. What is w(14)?
-81
Let x(h) = 3*h**2 - 18*h + 28. Calculate x(6).
28
Let i(l) = -4*l + 2. What is i(2)?
-6
Let n(c) = 53*c - 97. Calculate n(2).
9
Let u(l) = 9*l + 7. Determine u(-1).
-2
Let s(g) = -g**3 - 6*g**2 - 6*g - 3. Calculate s(-5).
2
Let j(m) = -m**2 + 33*m + 45. Give j(34).
11
Let w(a) = -a**3 - 8*a**2 - 9*a + 1. Determine w(-7).
15
Let p(z) = -z**2 - 5*z + 10. What is p(-6)?
4
Let a(z) = z**2 + 12*z - 3. What is a(-6)?
-39
Let s(m) = m**3 + 8*m**2 - m - 8. Calculate s(-8).
0
Let r(p) = -p**3 + 2*p**2 + p + 2. Calculate r(2).
4
Let o(m) = m**2 + 7*m - 2. Calculate o(-7).
-2
Let p(r) = -4*r**2 - 105*r + 207. Determine p(2).
-19
Let p(w) = -w**3 + 14*w**2 - 17*w + 3. What is p(12)?
87
Let t(b) = -b + 6. Determine t(26).
-20
Let y(q) = 19*q**2 + 5*q - 5. Calculate y(1).
19
Let i(v) = -v**3 + 4*v**2 + 9*v + 19. Calculate i(6).
1
Let t(c) = -2*c + 13. Give t(6).
1
Let j(y) = -24*y + 28. Determine j(1).
4
Let s(c) = -c**2 - 15*c - 5. Determine s(-14).
9
Let l(n) = -n**3 + 7*n**2 + 7*n + 14. What is l(8)?
6
Let i(k) = 4*k**2 - 12*k + 19. Determine i(3).
19
Let w(f) = -f**3 - 13*f**2 - 14*f - 4. Give w(-12).
20
Let z(b) = -2*b**2 - 17*b - 11. Give z(-11).
-66
Let h(c) = -11*c + 3. Calculate h(2).
-19
Let a(l) = 16*l**2 - 79*l + 1. Determine a(5).
6
Let w(j) = -4*j**2 - 27*j + 9. Calculate w(-7).
2
Let x(b) = 2*b**2 + 11*b - 15. What is x(-7)?
6
Let o(b) = -5*b + 4. Calculate o(5).
-21
Let o(v) = -2*v**2 - 26*v - 18. What is o(-12)?
6
Let d(b) = b**2 - 20*b + 36. Determine d(18).
0
Let z(l) = -l**3 + 9*l**2 - 9*l - 8. Determine z(7).
27
Let u(k) = 5*k + 81. Determine u(-18).
-9
Let i(b) = -b**2 + 14. Calculate i(-5).
-11
Let o(x) = -2*x - 11. What is o(-6)?
1
Let d(l) = -9*l**2 + l - 1. What is d(-2)?
-39
Let m(y) = 27*y**2 + y. Calculate m(-1).
26
Let f(b) = 2*b - 58. Determine f(26).
-6
Let c(t) = -t**3 - 8*t**2 - 4*t + 16. Give c(-6).
-32
Let k(u) = u**2 + 11*u + 33. Calculate k(-9).
15
Let c(x) = 3*x - 4. Give c(14).
38
Let q(h) = h**2 + 12*h + 14. Calculate q(-9).
-13
Let w(u) = 3*u**2 - 18*u - 33. What is w(7)?
-12
Let o(y) = -39*y**2 - 11*y - 1. Determine o(-1).
-29
Let n(c) = -22*c - 43. Determine n(-2).
1
Let m(o) = -14*o - 463. Calculate m(-32).
-15
Let r(k) = -k - 31. Determine r(-37).
6
Let v(o) = o**2 - 18*o + 27. Calculate v(18).
27
Let l(w) = -w**2 + 29*w + 166. What is l(34)?
-4
Let h(b) = -53*b - 160. Give h(-3).
-1
Let k(m) = m**3 + 2*m**2 + 2*m - 5. What is k(-3)?
-20
Let x(j) = j**2 - 50*j + 41. Give x(49).
-8
Let y(g) = g**3 + 16*g**2 + 15*g. Give y(-15).
0
Let k(a) = 3*a + 39. Calculate k(-14).
-3
Let u(q) = 5*q - 30. Calculate u(8).
10
Let b(l) = 4*l + 22. Calculate b(-8).
-10
Let q(k) = -k**2 - 9*k - 1. What is q(-5)?
19
Let f(l) = 2*l**2 + 11*l - 6. Determine f(-6).
0
Let q(d) = -10*d. Give q(5).
-50
Let s(t) = 2*t**2 + t + 2. Give s(-2).
8
Let t(h) = -h**3 + 8*h**2 - 3*h + 3. What is t(3)?
39
Let x(d) = 2*d**2 - 84*d - 5. Calculate x(42).
-5
Let s(w) = 15*w. Calculate s(3).
45
Let h(j) = j + 3. Give h(-13).
-10
Let o(p) = -21*p - 1. Determine o(-2).
41
Let m(q) = -q**3 - 9*q**2 - 2*q - 14. What is m(-9)?
4
Let n(v) = -2*v**2 + 42*v - 7. What is n(21)?
-7
Let c(i) = i**2 - 3*i - 15. Calculate c(7).
13
Let a(k) = -2*k**2 + 2*k. Give a(5).
-40
Let h(p) = -p**3 + p**2 - p + 1. What is h(-1)?
4
Let o(s) = 5*s + 19. What is o(-4)?
-1
Let j(z) = -6*z - 106. Determine j(-17).
-4
Let i(z) = -z**2 - 10*z - 18. Give i(-11).
-29
Let t(q) = -q**3 + 21*q**2 + 45*q + 44. Determine t(23).
21
Let u(a) = a**3 + 5*a**2 - 17*a - 57. Give u(-7).
-36
Let g(f) = -3*f + 43. Determine g(13).
4
Let g(u) = 20*u - 36. Give g(2).
4
Let m(d) = d**3 + 16*d**2 + 63*d + 8. Calculate m(-7).
8
Let r(g) = -g + 26. What is r(22)?
4
Let s(k) = -18*k - 1. Calculate s(2).
-37
Let g(m) = -m + 21. Give g(6).
15
Let v(a) = -a**3 - 4*a**2 + 2*a - 2. Determine v(-4).
-10
Let a(m) = m**3 - 14*m**2 - 31*m - 34. Calculate a(16).
-18
Let y(v) = -6*v**2 + 95*v + 2. Give y(16).
-14
Let l(g) = g**3 - 3*g**2 - 3*g - 4. Determine l(4).
0
Let s(j) = -11*j - 39. Determine s(-7).
38
Let l(i) = -2*i**3 + 10*i**2 - i - 3. Give l(5).
-8
Let t(m) = -116*m - 810. What is t(-7)?
2
Let b(h) = h**3 - 2*h**2 + 5. Give b(4).
37
Let o(k) = -2*k + 12. Calculate o(5).
2
Let u(o) = -2*o**3 - 21*o**2 + 8*o - 32. What is u(-11)?
1
Let x(w) = 5*w - 4. What is x(8)?
36
Let b(g) = g**3 + 13*g**2 + 14*g + 7. Calculate b(-12).
-17
Let o(w) = -w**2 - 15*w - 63. Give o(-7).
-7
Let u(t) = t**3 + 16*t**2 + 28*t - 9. Give u(-14).
-9
Let h(d) = -3*d + 74. Determine h(20).
14
Let l(h) = 3*h**3 - 38*h**2 - 9*h - 57. Give l(13).
-5
Let r(j) = j**3 + 5*j**2 - 8*j - 14. What is r(-6)?
-2
Let f(m) = -8*m + 1. What is f(1)?
-7
Let v(f) = -2*f**2 - 15*f + 4. Calculate v(-8).
-4
Let f(y) = y + 52. Determine f(-23).
29
Let q(g) = -g**2 + g + 59. Give q(-7).
3
Let d(h) = -26*h + 54. Calculate d(3).
-24
Let p(h) = h**3 - 3*h**2 - 8*h + 12. Calculate p(5).
22
Let l(a) = -5*a + 10. What is l(8)?
-30
Let x(h) = -2*h**2 - 6*h + 5. Give x(-4).
-3
Let i(j) = 22*j - 223. Give i(10).
-3
Let b(h) = h**3 + 3*h**2 - 6*h - 3. Determine b(-5).
-23
Let p(h) = -27*h**3 - 3*h + 3. Give p(1).
-27
Let t(b) = 2*b**2 + b + 3. Determine t(2).
13
Let f(m) = -5*m**2 - 4*m + 2. What is f(2)?
-26
Let g(u) = 22*u**2 - u + 2. Determine g(1).
23
Let g(k) = 27*k - 24. Calculate g(4).
84
Let n(g) = -11*g - 16. What is n(0)?
-16
Let r(n) = n**3 + 8*n**2 + 18*n + 12. Calculate r(-5).
-3
Let q(g) = g**3 + 4*g**2 + g - 5. Give q(-5).
-35
Let f(t) = 3*t**2 + 9*t. What is f(-3)?
0
Let n(f) = f**3 + 7*f**2 - 7*f + 2. Calculate n(-8).
-6
Let p(u) = u - 4. Determine p(5).
1
Let h(x) = -x**3 + 2*x**2 + 2*x. Calculate h(3).
-3
Let s(i) = -i**3 + 8*i**2 + 3*i + 16. What is s(9)?
-38
Let u(b) = -b**3 + 17*b**2 + 31*b + 129. Calculate u(19).
-4
Let h(q) = -2*q**2 - 16*q - 6. Determine h(-7).
8
Let q(g) = -2*g**3 - 14*g**2 + 16*g + 3. What is q(-8)?
3
Let z(q) = -q**3 + 10*q**2 + 11*q + 5. Determine z(11).
5
Let l(z) = 6*z + 9. Determine l(-2).
-3
Let h(k) = k**3 - k**2 - 10*k + 9. Determine h(3).
-3
Let w(u) = u**2 - 16*u + 20. Calculate w(15).
5
Let b(p) = 23*p - 20. Determine b(1).
3
Let l(f) = f**3 + 2*f**2 - 2*f - 1. Calculate l(3).
38
Let o(v) = -2*v**2 - 15*v + 21. What is o(-14)?
-161
Let q(f) = 19*f + 4. Determine q(-1).
-15
Let y(f) = 107*f + 1. Give y(1).
108
Let k(a) = -28*a - 205. What is k(-7)?
-9
Let i(d) = 6*d + 12. Determine i(-4).
-12
Let t(o) = -47*o**2 - 1455*o + 62. Calculate t(-31).
0
Let w(r) = r**2 - 4*r + 2. What is w(5)?
7
Let s(q) = 6*q - 3. Determine s(-2).
-15
Let r(w) = 3*w**2 + 1. What is r(1)?
4
Let j(s) = s**3 - 12*s**2 - 11*s - 16. Give j(13).
10
Let i(s) = s**3 + 3*s**2 - 17*s - 1. Calculate i(-6).
-7
Let l(q) = -q**3 - 45*q**2 - 44*q + 13. Determine l(-44).
13
Let d(b) = b**3 + 8*b**2 - 103*b - 7. What is d(7)?
7
Let w(k) = -k**2 + 4*k + 17. What is w(7)?
-4
Let g(j) = 6*j + 90. Give g(-16).
-6
Let n(w) = -w + 18. Calculate n(0).
18
Let n(r) = r**3 - 7*r**2 - 5*r - 31. Determine n(8).
-7
Let g(c) = -c**3 - 6*c**2 - 8*c + 4. Calculate g(-4).
4
Let a(i) = i**3 - 10*i**2 - 9*i - 25. Determine a(11).
-3
Let z(s) = -17*s + 35. What is z(2)?
1
Let u(l) = -16*l**2 + 45*l + 46. Determine u(-1).
-15
Let k(h) = h**3 + 3*h**2 - 11*h - 29. What is k(-4)?
-1
Let k(y) = -y**3 + 15*y**2 - 12*y - 10. Give k(14).
18
Let k(b) = b**3 + 3*b**2 - 7*b - 3. What is k(-4)?
9
Let z(g) = 6*g